highest common divisor of 25 and b?
5
Let s(h) = -h**2 - 16*h - 27. Let v be s(-13). Suppose a + 213 = -2*a. Let r be 2/6 + a/(-3). What is the greatest common factor of v and r?
12
Let t(i) = i**2 + 22*i - 58. Let h be t(12). Calculate the greatest common divisor of h and 50.
50
Let p(k) = -1. Let x(r) = 7*r + 12. Let s(w) = 4*p(w) - x(w). Let j be s(-7). Calculate the highest common divisor of 22 and j.
11
Suppose 0 = -5*a - 5*i + 2*i + 235, 0 = -a - 5*i + 25. Suppose 3*w + 4*n + n - a = 0, 0 = 5*w + n - 76. What is the highest common divisor of 45 and w?
15
Let j(y) = y**3 + 6*y**2 - 20*y - 8. Let w be j(-8). Let m = -5 + 8. What is the highest common divisor of m and w?
3
Suppose -180 = -13*p + 7*p. Suppose -5*i = 2*y - 50, -4*i + 0*i - 44 = -4*y. What is the greatest common divisor of y and p?
15
Let h = -444 - -473. Calculate the greatest common divisor of 261 and h.
29
Suppose -6*k = -11*k + 55. Let r = -94 - -105. What is the greatest common divisor of r and k?
11
Suppose 0 = -w + 131 + 1. Suppose 3*t = -8*t + w. Suppose 0*p - 48 = -4*p. Calculate the highest common divisor of t and p.
12
Let r(o) = o**2 - 2*o - 6. Let s be r(5). Suppose x = s*x - 72. Calculate the greatest common divisor of 3 and x.
3
Let b be 8/6 + 8/12. Suppose -2*q - 33 = 3*p, -b*q - p - 60 = q. Let o = 63 + q. What is the highest common factor of o and 63?
21
Let l(v) = 11*v + 3. Let k be l(6). What is the greatest common factor of k and 3?
3
Let x = -44 - -48. Suppose -x*m - 3*m = -168. Suppose h - 4*h = -144. What is the greatest common divisor of m and h?
24
Let x = -212 + 366. Calculate the greatest common factor of 66 and x.
22
Suppose -23*i = -4356 - 957. What is the highest common factor of 33 and i?
33
Let s be 7*-11*-1 + 1. Suppose -l - 4*r = -36, -3*l + 2*r + 60 = -2*l. Calculate the highest common divisor of l and s.
26
Let y be 2*(68/8 + -3 + 4). Let a = -16 + y. Calculate the highest common factor of 2 and a.
1
Let r(z) = 6*z**2 - z + 5*z - 5*z**2 + 4*z**2 - 1. Let c be r(-2). Calculate the greatest common divisor of 1 and c.
1
Let u be (-28)/(-21) + (-3080)/(-30). Suppose -z - 11 = -271. What is the greatest common factor of u and z?
52
Suppose 0 = -g - 3*g + 156. Suppose 8*t - 143 + g = 0. Calculate the greatest common factor of 13 and t.
13
Let l = -422 + 443. Calculate the highest common divisor of l and 30.
3
Let r be (180/25 - 6)*(-50)/(-15). Let h be (34/6)/((-1)/(-12)). Calculate the highest common factor of r and h.
4
Let q(t) = -60*t - 30. Let n be q(-1). Let w(h) = h + 45. Let x be w(0). What is the greatest common divisor of n and x?
15
Let c be (222/12 - 3)*1*2. What is the highest common divisor of 124 and c?
31
Suppose 10 - 18 = -4*x. Suppose 2*h - x*j - 14 = -2, 4*h - 42 = -5*j. Calculate the highest common factor of h and 4.
4
Let x(k) = -56*k - 1136. Let c be x(-36). What is the greatest common divisor of c and 11?
11
Suppose h + 2*v = -2*v - 8, 0 = -v - 3. Suppose -o - h*i + 21 = -23, -2*o + 85 = 5*i. Calculate the greatest common divisor of o and 24.
8
Suppose -66 = x - 3*x. Suppose x*n + 72 = 35*n. What is the highest common divisor of n and 4?
4
Suppose t - 3*t - 1 = 3*d, 0 = -5*t - 25. Suppose 3*u = 2*y + 16, 1 = 2*u + 2*y - d. Calculate the highest common divisor of 4 and u.
4
Suppose -3*b - 916 = -5*t, -54*t + 49*t = 4*b - 902. What is the highest common factor of 14 and t?
14
Suppose 7*w + 868 = h + 3*w, -2*h + 1671 = 5*w. Suppose 0 = 4*o - h - 160. Calculate the highest common divisor of o and 28.
28
Let q be (4/(-6) - 2/6) + -38. Let f be (-6)/q - 8*64/(-52). Let a be 2/4*(1 - -99). Calculate the greatest common divisor of a and f.
10
Let o = 713 + 119. Calculate the highest common divisor of o and 26.
26
Suppose -9 = 2*h + 39. Let x be (h/20)/(2/(-150)). Suppose x = 4*m - 2*m. What is the highest common factor of 18 and m?
9
Let z = 440 + -320. What is the highest common factor of 270 and z?
30
Suppose -4*q + 21 = 1. Suppose -3*l - q*j + 325 = l, -5*j = -5. Calculate the highest common factor of 8 and l.
8
Let t(l) = 31*l**3 + l**2 - l + 1. Let h be t(1). Let r be (-126)/20*300/(-840)*32/3. What is the greatest common factor of r and h?
8
Let j = -132 - -125. Let o(d) be the first derivative of d**3 - 2*d**2 - 4*d - 2. Let z be o(j). Calculate the highest common divisor of z and 19.
19
Suppose 10*p - 6*p = 0. Suppose 5*y + 0*y - 15 = p. Suppose 0*u = -5*u - 4*g + 13, y*g = 4*u + 2. What is the greatest common divisor of 4 and u?
1
Suppose 0 = -y - 4*y - 4*i + 1540, 4*y - 3*i - 1263 = 0. Suppose -w + 105 = -3*p, 0 = -5*w - 3*p + 837 - y. What is the highest common divisor of 15 and w?
15
Let y(c) = c**2 - 12. Let n be y(4). Suppose 0*r = 2*r. Suppose -2*s = 3*d - 11, r*d - d - 43 = -4*s. Calculate the greatest common factor of s and n.
2
Let q = 3 - 2. Let x = q + 18. Suppose 2*v + 0*v - a = x, 21 = 3*v - 4*a. What is the greatest common factor of v and 99?
11
Suppose 192 = 4*b + 4*d, -2*b + 3*b = 3*d + 60. Let y(z) = 3*z**3 - 3*z**2 + 2*z. Let s be y(2). Let k = b - s. Calculate the highest common factor of 5 and k.
5
Let h(w) = -w**3 + 4*w**2 - w - 3. Let y be h(3). Suppose y*z + 2*z - 995 = 0. Suppose a + 46 - z = 0. What is the greatest common divisor of a and 17?
17
Let x(s) = s**2 + 24*s + 130. Let u be x(-6). Calculate the greatest common divisor of u and 10.
2
Let g = 8 + -4. Suppose t + 2*s - 193 = -73, -390 = -3*t + 4*s. Let x be t/33 + (-4)/(-22). Calculate the highest common factor of g and x.
4
Let s(o) = -o + 1. Let q be s(-5). Suppose w + 12 = 4*w. Suppose -82 = -w*y + 86. What is the greatest common divisor of q and y?
6
Suppose 0 = -k + 9*k - 920. What is the greatest common factor of k and 161?
23
Suppose -174*g - 5*p = -171*g - 806, 0 = -5*g + 3*p + 1366. Calculate the greatest common factor of g and 255.
17
Suppose -9*a = -96 - 12. What is the greatest common divisor of a and 18?
6
Suppose 5*r - 10 = 2*y - 5*y, 2*r + 12 = 2*y. What is the greatest common factor of y and 10?
5
Let p(z) = z**2 - 13*z - 28. Let t be p(15). Suppose -t*d - 5*j + 192 = 0, 5*d + j + 58 = 538. What is the highest common divisor of d and 6?
6
Suppose 2*t - 266 = -5*o - t, -262 = -5*o - t. Let g be (78/(-8))/(-2 + o/32). What is the highest common factor of 234 and g?
26
Let n(g) = -5*g + 41. Let f be n(-8). Let s = f + -77. Calculate the highest common factor of 8 and s.
4
Suppose -52 = 4*s + 2*i, -s + 3*i - 8 = 12. Let x be (-2)/s + 348/14. Calculate the highest common divisor of x and 15.
5
Suppose -2*a + 71 - 307 = -2*q, 2*q + a = 242. Let c(h) = 2*h**2 - 58*h + 40. Let w be c(29). What is the greatest common factor of q and w?
40
Let p = 708 + -365. Calculate the greatest common divisor of 7 and p.
7
Suppose 4*z - 231 = -3*z. What is the highest common divisor of z and 3?
3
Let a(j) = 205*j + 14. Let c be a(2). Calculate the greatest common divisor of c and 371.
53
Let w(l) = -3*l - 8. Let t be w(-6). Let r = -373 + 379. Calculate the greatest common factor of r and t.
2
Let p = -1 - -3. Let j be -1 + -1 + (-1)/(1/(-7)). Suppose -j*f = -4*y - 2, -p*f + 7 = 2*y - 1. Calculate the highest common divisor of f and 6.
2
Let m be (28/21)/(8/18). Suppose m*p - 7*p + 144 = 0. Calculate the greatest common factor of p and 54.
18
Let j = 59 + -58. Let l(i) = 7*i**2 + i - 2. Let k be l(j). Calculate the greatest common factor of 48 and k.
6
Let g(s) = 87*s**3 + 2*s**2 - 1. Let i be g(1). Let p = 811 + -542. Let r = p - 261. Calculate the highest common divisor of i and r.
8
Let b(i) = -i + 3. Let d be b(1). Suppose -66 = -4*u + d*u. Calculate the greatest common factor of u and 33.
33
Let m(n) = n + 15. Let i be m(-11). Suppose -r + 4*r = -i*d + 142, 0 = 3*r - d - 152. Calculate the highest common factor of r and 20.
10
Suppose 0 = -26*q + 115 + 327. Calculate the greatest common factor of 17 and q.
17
Let u(p) = 36*p**2 + 2*p + 17. Let r be u(-4). Calculate the greatest common factor of 65 and r.
65
Let h be 4 - ((-18)/(-12) - (-1)/2). Suppose o = 0, h*o = z - 3 - 32. Calculate the greatest common divisor of 21 and z.
7
Suppose -7*a - 7*a + 224 = 0. What is the highest common divisor of 2 and a?
2
Suppose 4*l - 35*m - 1216 = -34*m, 0 = -4*l - 3*m + 1232. What is the greatest common factor of 61 and l?
61
Let w(p) = 25*p - 20. Let 